{"id":8791,"date":"2020-03-05T16:13:44","date_gmt":"2020-03-05T15:13:44","guid":{"rendered":"http:\/\/rh.sterela.fr\/?page_id=8791"},"modified":"2022-05-18T16:45:01","modified_gmt":"2022-05-18T14:45:01","slug":"sterela-legal","status":"publish","type":"page","link":"https:\/\/rh.sterela.fr\/index.php\/sterela-legal","title":{"rendered":"Mentions l\u00e9gales"},"content":{"rendered":"\n<h4 class=\"wp-block-heading\"> Vous \u00eates sur le site Internet : <a href=\"https:\/\/rh.sterela.fr\/\">https:\/\/rh.sterela.fr\/<\/a><\/h4>\n\n\n\n<p>\u2022 Le site \u00ab <strong>STERELA<\/strong> \u00bb ainsi que tous ses composants sont la propri\u00e9t\u00e9 de la soci\u00e9t\u00e9 <strong>STERELA<\/strong><br>\u2022 Si\u00e8ge social : <strong>5 Impasse P\u00e9denau 31 860 PINS-JUSTARET (France)<\/strong><br>\u2022 T\u00e9l. <strong>+33 (0)5 62 11 78 78<\/strong><br>\u2022 Adresse de courrier \u00e9lectronique : <a href=\"mailto:info@sterela.fr\"><strong>info@sterela.fr<\/strong><\/a><br><strong>\u2022 Sas au capital de 131952 euros<\/strong><br>\u2022 Immatricul\u00e9e au RCS de <strong>Toulouse<\/strong> sous le num\u00e9ro <strong>352 483 572<\/strong><br>\u2022 Directeur de la publication : <strong>Christophe Le Flohic<\/strong>                                <\/p>\n\n\n\n<p>                                                                                                                                        <\/p>\n\n\n\n<h4 class=\"wp-block-heading\">Engagement pris par le site                                                                                                                                                       <\/h4>\n\n\n\n<p>Le contenu du site respecte les lois en vigueur et notamment :<br>   <br>La loi sur la libert\u00e9 de la presse de sorte qu\u2019aucun \u00e9crit,  image ou son \u00e0 caract\u00e8re diffamatoire, raciste ou r\u00e9visionniste ne sera  mis en ligne ;<br>   <br>Conform\u00e9ment \u00e0 l\u2019article 227-24 du Code p\u00e9nal relatif \u00e0 la  protection des mineurs, aucun message \u00e0 caract\u00e8re violent,  pornographique ou portant gravement atteinte \u00e0 la dignit\u00e9 humaine  susceptible d\u2019\u00eatre vu ou per\u00e7u par un mineur ne sera mis en ligne ;<br>   <br>Aucune reproduction d\u2019une \u0153uvre prot\u00e9g\u00e9e ou d\u2019une marque sans  l\u2019accord de son auteur, de ses ayants droit ou de son titulaire ne sera  mise en ligne.<br>   <br>Conform\u00e9ment \u00e0 la loi LCEN du 22 juin 2004, un droit de r\u00e9ponse  est ouvert \u00e0 toute personne nomm\u00e9e ou d\u00e9sign\u00e9e sur le site. La demande  doit \u00eatre faite au directeur de publication au plus tard dans les trois  mois de la mise \u00e0 disposition du public du message justifiant cette  demande. Cette insertion est gratuite et se fera dans un d\u00e9lai de trois  jours de la r\u00e9ception de la demande, mais ne pourra en aucun cas  d\u00e9passer deux cent lignes.<\/p>\n\n\n\n<p>                                                                                                                                                                         <\/p>\n\n\n\n<h4 class=\"wp-block-heading\">Loi informatique, fichiers et libert\u00e9s et protection des donn\u00e9es personnelles sur le site de STERELA                                                                                                                                                       <\/h4>\n\n\n\n<p>Les utilisateurs du site sont tenus de  respecter les dispositions de la loi informatique, fichiers et libert\u00e9s,  dont la violation est passible de sanctions p\u00e9nales. Ils doivent  notamment s\u2019abstenir, s\u2019agissant des informations nominatives auxquelles  ils acc\u00e8dent, de toute collecte, de toute utilisation d\u00e9tourn\u00e9e et,  d\u2019une mani\u00e8re g\u00e9n\u00e9rale, de tout acte susceptible de porter atteinte \u00e0 la  vie priv\u00e9e ou \u00e0 la r\u00e9putation des personnes. <\/p>\n\n\n\n<p>Vous pouvez consulter <em><strong>la politique de protection des donn\u00e9es personnelles de Sterela<\/strong><\/em> dans ce lien : <a href=\"http:\/\/www.sterela.fr\/docs\/Politique de protection des DP06_2020.pdf\"><u>t\u00e9l\u00e9charger le document<\/u><\/a><\/p>\n\n\n\n<p>                                                                                                                                                                       <\/p>\n\n\n\n<h4 class=\"wp-block-heading\">Limitation de responsabilit\u00e9                                                                                                                                                       <\/h4>\n\n\n\n<p>La Soci\u00e9t\u00e9 <strong>STERELA<\/strong>   ne pourra \u00eatre tenus pour responsable de tout dommage direct  et\/ou indirect r\u00e9sultant de l\u2019utilisation faite par le client du site  et\/ou de toute information qu\u2019il contient.<br>   <br>Le site <strong>STERELA<\/strong> peut renvoyer l\u2019utilisateur \u00e0 d\u2019autres sites internet par le biais de liens hypertexte. Ces liens ont \u00e9t\u00e9 ins\u00e9r\u00e9s dans le site <strong>STERELA<\/strong> avec l\u2019autorisation des titulaires des sites li\u00e9s. En tout \u00e9tat de cause, la Soci\u00e9t\u00e9 <strong>STERELA<\/strong> ne saurait \u00eatre responsable du contenu de ses sites, lesquels rel\u00e8vent de l\u2019enti\u00e8re responsabilit\u00e9 de leurs titulaires.<br>   <br>Certains dangers sont inh\u00e9rents \u00e0 l\u2019utilisation de l\u2019internet et  l\u2019utilisateur est mis en garde quant \u00e0 la n\u00e9cessit\u00e9 de prendre en  compte les risques potentiels (toute infection par virus d\u2019ordinateur,  tout bogue, tout ralentissement etc\u2026) avant de proc\u00e9der \u00e0 la  consultation du site <strong>STERELA<\/strong>                                                                                                                                                                        <\/p>\n\n\n\n<p><\/p>\n\n\n\n<h4 class=\"wp-block-heading\">Fournisseur d\u2019h\u00e9bergement                                                                                                                                                       <\/h4>\n\n\n\n<p>La Soci\u00e9t\u00e9 <strong>STERELA<\/strong> assure l\u2019h\u00e9bergement du site STERELA.                                                                                                                                                                        <\/p>\n\n\n\n<p><\/p>\n\n\n\n<h4 class=\"wp-block-heading\">Droit d\u2019acc\u00e8s, de modification, de rectification et de suppression des donn\u00e9es                                                                                                                                                       <\/h4>\n\n\n\n<p>Les utilisateurs disposent d\u2019un droit  d\u2019acc\u00e8s, de modification, de rectification et de suppression des donn\u00e9es  les concernant conform\u00e9ment \u00e0 ce qu\u2019\u00e9noncent les articles 39 et 40 de  la loi du 6 janvier 1978 modifi\u00e9e par la loi du 6 ao\u00fbt 2004. Pour  l\u2019exercer, <a href=\"mailto:info@sterela.fr\">vous pouvez vous adresser directement \u00e0 la Soci\u00e9t\u00e9 <strong>STERELA<\/strong> par courriel<\/a> ou par courrier adress\u00e9 \u00e0 la Soci\u00e9t\u00e9 <strong>STERELA<\/strong> 5 Impasse P\u00e9denau 31 860 PINS-JUSTARET (France) en pr\u00e9cisant \u00ab Service Gestion des donn\u00e9es personnelles \u00bb<br>   <br>Les messages envoy\u00e9s sur le r\u00e9seau internet peuvent \u00eatre  intercept\u00e9s. Ne divulguez pas d\u2019informations personnelles sensibles. Si  vous souhaitez nous communiquer des informations confidentielles, nous  vous conseillons d\u2019utiliser la voie postale.                                                                                                                                                                         <\/p>\n\n\n\n<p><\/p>\n\n\n\n<h4 class=\"wp-block-heading\">Politique d\u2019utilisation des cookies                                                                                                                                                       <\/h4>\n\n\n\n<p>Notre site internet n&rsquo;utilise pas des cookies.<\/p>\n\n\n\n<p>Pour en savoir plus sur les cookies, rendez-vous sur  https:\/\/www.cnil.fr\/vos-droits\/vos-traces\/les-cookies\/ ou  www.allaboutcookies.org (en anglais).                                                                                                                                                                        <\/p>\n\n\n\n<p><\/p>\n\n\n\n<h4 class=\"wp-block-heading\">Propri\u00e9t\u00e9 intellectuelle \u2013 droit d\u2019auteur \u2013 copyright                                                                                                                                                       <\/h4>\n\n\n\n<p>Le contenu de ce site rel\u00e8ve de la l\u00e9gislation fran\u00e7aise et internationale sur le droit d\u2019auteur et la propri\u00e9t\u00e9 intellectuelle.<br>   <br>La Soci\u00e9t\u00e9 <strong>STERELA<\/strong> conserve tous les droits  patrimoniaux et moraux li\u00e9s aux documents de ce site, sous r\u00e9serve des  droits dont b\u00e9n\u00e9ficient les auteurs d\u2019\u0153uvres publi\u00e9es sur ce site.  Ainsi, tous les droits de reproduction, sur supports \u00e9lectroniques ou  papier, sont-ils r\u00e9serv\u00e9s, y compris pour les documents t\u00e9l\u00e9chargeables  et les repr\u00e9sentations iconographiques et\/ou photographiques.<br>   <br>Les visiteurs du site internet <strong>STERELA<\/strong> s\u2019interdisent la collecte, la captation, la d\u00e9formation ou l\u2019utilisation des informations auxquelles ils ont acc\u00e8s.<br>   <br>La Soci\u00e9t\u00e9 <strong>STERELA<\/strong> poursuivra en justice toute tentative de d\u00e9tournement des documentations du site.                                                                                                                                                                         <\/p>\n\n\n\n<p><\/p>\n\n\n\n<h4 class=\"wp-block-heading\">D\u00e9claration \u00e0 la CNIL                                                                                                                                                       <\/h4>\n\n\n\n<p>Conform\u00e9ment \u00e0 la loi du 6 janvier 1978  modifi\u00e9e par la loi du 6 ao\u00fbt 2004 relative \u00e0 l\u2019informatique, aux  fichiers et aux libert\u00e9s, ainsi que son d\u00e9cret d\u2019application du 17  juillet 1978 et \u00e0 l\u2019article 43 de la loi du 30 septembre 1986 modifi\u00e9e,  le site a fait l\u2019objet d\u2019une d\u00e9claration aupr\u00e8s de la Commission  Nationale Informatique et Libert\u00e9s (CNIL)<br>   <br>Les donn\u00e9es personnelles collect\u00e9es sont destin\u00e9es \u00e0 fournir \u00e0  l\u2019utilisateur les produits et services propos\u00e9s par ce site et ne seront  pas utilis\u00e9es \u00e0 des fins non pr\u00e9vues par les pr\u00e9sentes mentions  l\u00e9gales. A cette fin, toutes les r\u00e9ponses demand\u00e9es sont strictement  n\u00e9cessaires \u00e0 la fourniture du produit ou service concern\u00e9. En cas de  r\u00e9ponse incompl\u00e8te ou d\u2019absence d\u2019une r\u00e9ponse, l\u2019utilisateur s\u2019expose \u00e0  ne pas se voir fourni le produit ou service sollicit\u00e9. Les messages  \u00e9lectroniques et donn\u00e9es nominatives envoy\u00e9s \u00e0 <strong>STERELA<\/strong> sont conserv\u00e9s durant une p\u00e9riode maximale de 3 ans.                                                                                                                                                                         <\/p>\n\n\n\n<p><\/p>\n\n\n\n<h4 class=\"wp-block-heading\">Non cession du fichier client                                                                                                                                                       <\/h4>\n\n\n\n<p>La Soci\u00e9t\u00e9 STERELA est le seul destinataire des donn\u00e9es personnelles et ne proc\u00e8dera pas \u00e0 la cession de son fichier client.                                                                                                                                                                        <\/p>\n\n\n\n<p><\/p>\n\n\n\n<h4 class=\"wp-block-heading\">Contact                                                                                                                                                       <\/h4>\n\n\n\n<p><a href=\"mailto:info@sterela.fr\">Contactez-nous<\/a>\n directement pour toute information. En vous remerciant de l\u2019int\u00e9r\u00eat que\n vous portez \u00e0 notre site, nous vous souhaitons une bonne navigation.<\/p>\n","protected":false},"excerpt":{"rendered":"<p>Vous \u00eates sur le site Internet : https:\/\/rh.sterela.fr\/ \u2022 Le site \u00ab STERELA \u00bb ainsi que tous ses composants sont la propri\u00e9t\u00e9 de la soci\u00e9t\u00e9 STERELA\u2022 Si\u00e8ge social : 5 Impasse P\u00e9denau 31 860 PINS-JUSTARET (France)\u2022 T\u00e9l. +33 (0)5 62 11 78 78\u2022 Adresse de courrier \u00e9lectronique : info@sterela.fr\u2022 Sas au capital de 131952 euros\u2022 [&hellip;]<\/p>\n","protected":false},"author":2,"featured_media":0,"parent":0,"menu_order":0,"comment_status":"closed","ping_status":"closed","template":"","meta":{"footnotes":""},"class_list":["post-8791","page","type-page","status-publish","hentry"],"_links":{"self":[{"href":"https:\/\/rh.sterela.fr\/index.php\/wp-json\/wp\/v2\/pages\/8791","targetHints":{"allow":["GET"]}}],"collection":[{"href":"https:\/\/rh.sterela.fr\/index.php\/wp-json\/wp\/v2\/pages"}],"about":[{"href":"https:\/\/rh.sterela.fr\/index.php\/wp-json\/wp\/v2\/types\/page"}],"author":[{"embeddable":true,"href":"https:\/\/rh.sterela.fr\/index.php\/wp-json\/wp\/v2\/users\/2"}],"replies":[{"embeddable":true,"href":"https:\/\/rh.sterela.fr\/index.php\/wp-json\/wp\/v2\/comments?post=8791"}],"version-history":[{"count":4,"href":"https:\/\/rh.sterela.fr\/index.php\/wp-json\/wp\/v2\/pages\/8791\/revisions"}],"predecessor-version":[{"id":9000,"href":"https:\/\/rh.sterela.fr\/index.php\/wp-json\/wp\/v2\/pages\/8791\/revisions\/9000"}],"wp:attachment":[{"href":"https:\/\/rh.sterela.fr\/index.php\/wp-json\/wp\/v2\/media?parent=8791"}],"curies":[{"name":"wp","href":"https:\/\/api.w.org\/{rel}","templated":true}]}}